t common factor of 34 and b.
17
Let i(b) = b**2 - 29*b + 42. Suppose -d + 744 = 23*d. Let c be i(d). Calculate the highest common factor of 24 and c.
8
Let a = 16001 - 4640. Calculate the greatest common factor of a and 7.
7
Let s(c) = -2*c**2 + 16*c - 41. Let b be s(3). Let q(z) = z**3 + 11*z**2 - 5*z - 11. Let x be q(b). What is the highest common divisor of x and 66?
22
Let y(x) = 6*x**3 + 56*x**2 + 2*x - 2. Let m be y(7). Calculate the greatest common divisor of m and 58.
58
Let u be (-35)/(-14) + 30/(-4). Let b be (8 + 198/(-45))/((-1)/u). Calculate the greatest common factor of 153 and b.
9
Let j(b) = -b**2 - 5*b + 603. Let x be j(21). Calculate the greatest common divisor of 2337 and x.
57
Let x(s) = s**2 + 4*s - 3. Suppose -4*p + 4*v = -0*v + 56, 0 = -v + 5. Let l be x(p). Calculate the greatest common factor of l and 24.
6
Suppose -41 = -2*w - 5*t, -4*t = -5*w - t + 25. Let h(i) = 4*i + 14. Let j be h(w). Suppose 4*a - 74 = j. What is the greatest common divisor of a and 10?
10
Let z = 3133 - 3075. What is the greatest common divisor of z and 17284?
58
Let t = 9245 - 9231. What is the highest common divisor of t and 1743?
7
Let l = -5134 + 5359. What is the highest common factor of l and 1175?
25
Suppose 21 = -3*r, -4*b = -3*r + 488 - 1289. Calculate the highest common divisor of 114 and b.
3
Let c be 2/(-5) - 5440/(-100). Suppose 2*w = -0*w - c. Let i = -23 - w. Calculate the highest common factor of 10 and i.
2
Suppose 174*n - 179*n = -60. Suppose 4*g - n = 12. Calculate the greatest common factor of g and 54.
6
Let z = 13258 - 13236. Suppose -2*f + f = -11. Calculate the greatest common divisor of f and z.
11
Let z = -5478 - -6149. What is the greatest common factor of 77 and z?
11
Let i = 12382 - 12332. What is the greatest common divisor of i and 480?
10
Let f be 12/3 - 5 - -3. Suppose -5*q - 2*p - 71 = 2*p, f*q = 5*p - 35. Let t be 27/q*80/(-12). What is the greatest common factor of 4 and t?
4
Suppose 0 = d - o - 4629, 265*d - 264*d = -2*o + 4644. What is the greatest common factor of d and 112?
14
Let s(l) = 2*l**3 + 10*l**2 - 20*l - 37. Let c be s(4). Calculate the greatest common factor of c and 27.
9
Let c = 139 + -96. Suppose -7*h = -251 - c. What is the greatest common factor of h and 63?
21
Let c = -5266 + 5354. What is the greatest common divisor of c and 330?
22
Suppose 503*h + 221 = 516*h. Suppose -3*f + t + 403 = 0, 0*t = -5*t + 25. What is the highest common divisor of h and f?
17
Let f be 12/28*(2 + -5)*(-126)/27. Let j(m) = -m + 9. Let w be j(6). Calculate the highest common divisor of w and f.
3
Let c = 13 - 9. Suppose -5*y - 9*a = -14*a - 270, 232 = 4*y + c*a. What is the highest common divisor of 64 and y?
8
Let n be (-10)/6*(1 + -3)*3534/76. Calculate the greatest common divisor of n and 20.
5
Let v = -158 - -153. Let f(z) = 5*z**2 + 17*z - 7. Let c be f(v). What is the greatest common factor of 693 and c?
33
Let w(v) = -v**2 - 5*v + 10. Let l be w(-5). Suppose -12*c = -l*c - 146. Suppose 5*k - 142 = c. Calculate the greatest common divisor of 215 and k.
43
Let s = -26451 + 27072. What is the greatest common factor of s and 1587?
69
Let r = -72 - -79. Suppose 4*w + 2*j = 80, -4*j = w - 23 + 3. Let b(y) = y**2 - 22*y + 47. Let n be b(w). Calculate the highest common factor of r and n.
7
Let o be 3 - (1/3)/(5/(-45)). Suppose -13*v + o = -10*v. Suppose -3*g = 15, 2*t - g = -v*g + 369. What is the greatest common divisor of 17 and t?
17
Let l = 2256 - 2202. What is the greatest common divisor of 282 and l?
6
Let t be (-77)/(-3) + 976/(-366) - (2 + -3). What is the greatest common divisor of 11436 and t?
12
Let v be ((-12)/10)/(((-55)/50)/(-11)). Let r be (-9)/v + 3/((-48)/(-500)). Suppose 38 = 4*d - 26. What is the highest common factor of d and r?
16
Let g be 21 - 3 - (-9)/(-3). Let v be 176/3*g/4. Let z be 10/15 + v/12. What is the greatest common divisor of z and 38?
19
Let d = -51 - -46. Let u(s) = -5*s + 54. Let o(w) = 3*w - 36. Let a(i) = d*u(i) - 8*o(i). Let z be a(-13). What is the greatest common factor of 55 and z?
5
Suppose y - 46 = o - 6*o, -3*o - 4*y = -14. Let s be -7 + o/5 + 18. Suppose -5*m + 874 = 159. What is the greatest common factor of s and m?
13
Suppose -3*p - 1537*i + 1536*i = -14118, i = 2*p - 9427. Calculate the highest common divisor of p and 153.
17
Suppose -5*j - 2*x + 320 = 3*x, 5*j = 5*x + 330. Calculate the highest common factor of j and 793.
13
Let w(y) = -2*y**3 + 171*y**2 - 140*y + 4704. Let v be w(85). Suppose c + 441 = 2*p - 82, p - 262 = c. What is the highest common factor of v and p?
29
Let j(c) = 537*c - 3050. Let r be j(6). What is the greatest common divisor of 8 and r?
4
Let v(q) = -q + 46. Let a be v(19). Let f be 7 + 153/a*9. What is the highest common factor of 261 and f?
29
Let n be (0 - 0) + 5 + 20. Suppose -4*a - 3*z + 9 = -88, 5*a - 4*z = 129. What is the highest common factor of a and n?
25
Let y(n) = -n**3 - 7*n**2 - 6*n + 6. Let q be y(-6). Let f be 37/(51/85*2/q). What is the highest common divisor of 111 and f?
37
Suppose 0 = 5*c - c - g - 55, -5 = -c + 2*g. What is the greatest common factor of 5070 and c?
15
Let l = -192 + 224. Let j be 34 + 2 + 1/(-1). Let x = j - l. Calculate the highest common divisor of 24 and x.
3
Let q = -21016 + 21182. What is the greatest common factor of 9 and q?
1
Let h = -11646 + 12086. Calculate the greatest common factor of h and 77.
11
Let z(a) = -15*a - 55. Let m be z(18). Let r = 333 + m. Calculate the highest common factor of r and 28.
4
Suppose -1270 = 36*v - 82. Let p be (3 + v/22)*(-14)/(-3). Calculate the highest common divisor of p and 161.
7
Let d = 434 - -394. Suppose 4*g + 5*m - d = m, -5*g + 4*m = -1008. Calculate the greatest common factor of g and 24.
12
Let o(k) = -k**2 - 14*k + 88. Suppose 3*j - j - 4*i = -34, -3*j - 39 = -2*i. Let m be o(j). What is the greatest common factor of 11 and m?
11
Suppose -19*b + 21*b - 12 = 0. Let u be (b + 1)*(-4)/(-7). Suppose -90 = -u*f + 6. What is the highest common factor of 16 and f?
8
Suppose 31*g + 1505 = 35*g + n, 5*g - 5*n - 1900 = 0. What is the highest common factor of g and 312?
13
Let y be (-21 + (-655)/10)*-8. What is the highest common factor of 12 and y?
4
Suppose -3*b = -6 - 27. Suppose 239 = 2*t + b. Calculate the highest common divisor of 38 and t.
38
Let b(p) = -p**2 - 5*p - 16. Let v be b(-10). Let l = 70 + v. Suppose 4*k - r - 331 = 49, 16 = l*r. Calculate the highest common divisor of 24 and k.
24
Let d = -147 - -448. Suppose -3*a + 125 = 4*g + 12, 0 = -3*a - 3*g + 108. Suppose 33*u - 86 = a*u. What is the highest common factor of d and u?
43
Let x = 1046 - -11458. Calculate the highest common divisor of 48 and x.
24
Let d be 644/18 - 10/(-45). Suppose 10*i + 65 - 184 = 151. Calculate the greatest common divisor of d and i.
9
Let r(s) = s. Let x(j) = j**3 - 9*j**2 + 2*j + 11. Let q(n) = -3*r(n) - x(n). Let h be q(8). What is the greatest common factor of 117 and h?
13
Let x = 90 + -81. Suppose -2*v + 4 = 0, -d = -2*d - 2*v + x. Suppose 0 = a + i - 32 - d, 4*i = -a + 40. Calculate the greatest common factor of 4 and a.
4
Suppose 5*h = -3*g + 2641, 9*g - 11*g + 1761 = 3*h. What is the highest common factor of g and 112?
14
Let d(m) = -21*m - 55. Let q be d(-5). Let u be (-22416)/(-112) + 4/(-28). Calculate the greatest common factor of q and u.
50
Suppose 3*g - g + 24 = 0, b - 119*g - 1608 = 0. Let v = 17 - -103. Calculate the greatest common divisor of b and v.
60
Suppose -12756 + 46356 = 140*c. Calculate the highest common divisor of c and 3380.
20
Let p be 9/2 - (-1)/((-6)/9). Let k be (78/(-9))/(12/(-18)) - p. What is the highest common factor of 10 and k?
10
Let x(f) = -18*f + 6. Let o be x(4). Let b be o/4 - (-1)/2. Let p be (-4)/b*0 + 24. What is the greatest common divisor of 12 and p?
12
Let m be (-11)/1 - (-10 + -2680). What is the greatest common factor of 141 and m?
141
Let k = 273 - 185. Let x = 7 + -7. Suppose x = 2*t - 6*t + k. What is the greatest common divisor of t and 176?
22
Suppose -17 = s - 57. Let i = 490 + -1618. Let p be 1/(-5) - i/s. Calculate the greatest common divisor of 7 and p.
7
Let c be 2/(-35)*-5 - (-1783)/7. Let t = -180 + c. Let m = t + -63. What is the highest common factor of 132 and m?
12
Let b be (3/2 - 3)*(-4)/3. 